ide 6227039?
False
Is 475 a factor of 2712359725?
True
Is 18 a factor of 1019512566?
True
Is 801828 a multiple of 9?
True
Is 67593461 a multiple of 1189?
True
Is 6689672431 a multiple of 17?
True
Is 298 a factor of 332272384?
True
Does 4552 divide 25236288?
True
Is 8 a factor of 86127015?
False
Is 1087 a factor of 20025801?
True
Is 110668064 a multiple of 522?
False
Does 1522 divide 1340614128?
True
Is 844207318 a multiple of 2196?
False
Is 321986795 a multiple of 106?
False
Is 292 a factor of 3856444?
True
Is 84 a factor of 747629818?
False
Is 188241476 a multiple of 112?
False
Is 266651189 a multiple of 1567?
False
Is 61015788 a multiple of 27?
True
Does 2246 divide 317143675?
False
Is 45 a factor of 2041380?
True
Is 162843114 a multiple of 40?
False
Does 2 divide 1860616?
True
Is 354032 a multiple of 12?
False
Is 117 a factor of 53577225?
True
Does 13 divide 89936192?
False
Is 9 a factor of 1142091?
True
Is 1354 a factor of 998707692?
True
Is 15032208 a multiple of 1586?
False
Is 887671893 a multiple of 321?
True
Is 580608612 a multiple of 34?
False
Does 74 divide 17980890?
True
Is 670491552 a multiple of 106?
True
Is 274826690 a multiple of 41?
True
Does 17 divide 299436436?
True
Is 256373084 a multiple of 2611?
False
Is 12 a factor of 49668288?
True
Does 556 divide 223073872?
True
Is 52 a factor of 1043845036?
True
Is 69568342 a multiple of 181?
False
Is 7026498 a multiple of 1614?
False
Is 1716318155 a multiple of 19?
False
Does 42 divide 13551287?
False
Is 8193 a factor of 297713582?
False
Does 1318 divide 71190163?
False
Does 827 divide 33162700?
True
Does 85 divide 733773360?
False
Is 633 a factor of 28329282?
True
Is 230550085 a multiple of 127?
True
Is 1883 a factor of 744572094?
True
Does 794 divide 5833518?
True
Is 27109346 a multiple of 54?
False
Does 545 divide 877535495?
False
Is 160 a factor of 1365760?
True
Does 41 divide 5117220496?
True
Is 1902210552 a multiple of 407?
True
Is 312774604 a multiple of 3?
False
Is 151 a factor of 324700874?
False
Is 5 a factor of 48970315?
True
Is 11240010 a multiple of 30?
True
Is 14839955 a multiple of 1923?
False
Does 559 divide 2389824303?
False
Is 251533909 a multiple of 293?
False
Is 4 a factor of 86015948?
True
Does 347 divide 26383798?
True
Does 38 divide 4415873?
False
Is 126533260 a multiple of 1822?
False
Is 18 a factor of 39457547?
False
Does 113 divide 9813553?
False
Is 414 a factor of 250376487?
False
Does 20 divide 7255500?
True
Is 12360923 a multiple of 11?
False
Is 1268677410 a multiple of 13?
True
Does 37 divide 72599624?
True
Does 45 divide 248605605?
True
Does 22 divide 32186264?
True
Is 93 a factor of 31597215?
True
Is 336 a factor of 814608144?
True
Is 22380036 a multiple of 135?
False
Does 3164 divide 98400931?
False
Does 3016 divide 81257072?
True
Is 5592866915 a multiple of 19?
False
Is 1450826770 a multiple of 462?
False
Does 20 divide 372831514?
False
Does 3 divide 303621532?
False
Does 1621 divide 7923190?
False
Is 161 a factor of 64019396?
True
Is 10 a factor of 123216102?
False
Is 34634176 a multiple of 134?
True
Is 2551 a factor of 229681836?
True
Is 2561909107 a multiple of 83?
False
Is 136507299 a multiple of 399?
False
Does 81 divide 514742772?
False
Is 4175 a factor of 545998208?
False
Is 4 a factor of 155176098?
False
Does 280 divide 163715720?
True
Is 13811764 a multiple of 113?
True
Is 11 a factor of 235722872?
True
Does 3 divide 2082887?
False
Is 446473206 a multiple of 2007?
True
Does 62 divide 211792558?
True
Is 1279 a factor of 630887214?
True
Does 29 divide 34887638?
True
Is 2194069080 a multiple of 2009?
True
Is 169273442 a multiple of 13?
True
Is 225 a factor of 14494379?
False
Does 106 divide 55066682?
True
Is 15 a factor of 48940440?
True
Is 1700046635 a multiple of 1645?
True
Does 216 divide 3525336?
True
Does 7 divide 83061940?
False
Does 273 divide 1295221232?
False
Does 57 divide 12492006?
True
Is 35535577 a multiple of 7?
True
Is 9 a factor of 15919020?
True
Does 105 divide 205834669?
False
Does 4 divide 1387508518?
False
Does 275 divide 209276253?
False
Is 65 a factor of 370257454?
False
Is 9 a factor of 45437688?
True
Is 623572749 a multiple of 110?
False
Does 11 divide 76246558?
False
Is 1589161913 a multiple of 1774?
False
Is 243103505 a multiple of 73?
True
Is 54 a factor of 1997976260?
False
Is 1266 a factor of 789153504?
True
Does 61 divide 5350149875?
True
Is 25 a factor of 761990725?
True
Is 499 a factor of 1022539494?
False
Is 492 a factor of 19403834?
False
Does 18 divide 222512302?
False
Is 145 a factor of 65958452?
False
Is 11 a factor of 214253270?
True
Is 27842089 a multiple of 11?
True
Is 4322648517 a multiple of 17?
False
Is 29 a factor of 54592413?
True
Is 3838 a factor of 695491656?
True
Is 749 a factor of 25776086?
True
Is 163855714 a multiple of 11?
True
Is 638260637 a multiple of 581?
False
Is 79 a factor of 4064446?
False
Does 33 divide 42414566?
False
Is 315 a factor of 848569718?
False
Does 348 divide 5173183437?
False
Does 212 divide 20240464?
False
Is 161213958 a multiple of 159?
False
Is 6333487 a multiple of 2?
False
Is 2779 a factor of 488426350?
False
Does 475 divide 17386043?
False
Is 16 a factor of 100822928?
True
Is 145 a factor of 130261910?
True
Is 653 a factor of 42956632?
False
Is 1580723204 a multiple of 9682?
False
Is 543368491 a multiple of 273?
False
Does 442 divide 4583957?
False
Is 2654576 a multiple of 53?
False
Does 167 divide 26607442?
True
Is 16 a factor of 286880?
True
Is 3 a factor of 23304046?
False
Is 41 a factor of 184877394?
False
Is 3 a factor of 1817748?
True
Is 88 a factor of 391956840?
True
Is 2499594 even?
True
Is 2 a factor of 72321759?
False
Does 971 divide 44663087?
True
Is 4087 a factor of 1425038443?
False
Is 171430212 a multiple of 1409?
True
Does 212 divide 1419360776?
True
Is 1036 a factor of 168785120?
True
Is 25 a factor of 10051201?
False
Is 7 a factor of 185380289?
False
Is 14321837 a multiple of 109?
True
Is 4721323270 a multiple of 392?
False
Is 499 a factor of 3620245?
True
Does 14 divide 21627651?
False
Is 8377464 a multiple of 18?
False
Does 5 divide 2405250?
True
Is 16 a factor of 1209727248?
True
Does 14 divide 282358874?
True
Does 716 divide 249275343?
False
Is 161996661 a multiple of 83?
True
Is 19298370 a multiple of 14?
True
Does 29 divide 33864407?
False
Is 689270389 a multiple of 4592?
False
Does 1706 divide 950242?
True
Does 1113 divide 98641851?
True
Does 7 divide 266219846?
False
Is 232 a factor of 16240232?
True
Does 564 divide 5588439956?
False
Is 624746384 a multiple of 130?
False
Does 15 divide 151719871?
False
Does 10 divide 3049042?
False
Does 14 divide 1344358?
False
Is 368588448 a multiple of 1824?
True
Is 712 a factor of 2521654543?
False
Is 1507 a factor of 594464783?
True
Does 2486 divide 414212499?
False
Is 87345986 a multiple of 559?
True
Is 3155 a factor of 216499255?
True
Does 18 divide 67681381?
False
Is 968534618 a multiple of 209?
False
Is 29832994 a multiple of 697?
True
Is 5486 a factor of 127361576?
False
Does 748 divide 2360450500?
False
Does 47 divide 3606075?
True
Is 19818262 a multiple of 602?
False
Is 1990 a factor of 270512640?
True
Is 585 a factor of 1157011830?
True
Is 1340 a factor of 157787680?
True
Does 19 divide 12112880?
True
Is 516 a factor of 475432080?
True
Is 36 a factor of 261356341?
False
Does 237 divide 2089733?
False
Does 813 divide 43404444?
True
Is 10257624 a multiple of 305?
False
Is 9825145 a multiple of 663?
False
Is 2427821027 a multiple of 413?
False
Is 553350798 a multiple of 1566?
True
Is 143 a factor of 37909014?
True
Does 19 divide 3141651520?
True
Is 1777803714 a multiple of 25?
False
Is 48 a factor of 300706176?
True
Is 749654912 a multiple of 32?
True
Is 429924306 a multiple of 835?
False
Is 57672887 a multiple of 83?
False
Is 333957102 a multiple of 256?
False
Is 13 a factor of 995648?
False
Does 3 divide 35381934?
True
Is 2859 a factor of 996029790?
False
Is 19 a factor of 45430368?
True
Is 8763536 a multiple of 16?
True
Is 237 a factor of 178538025?
True
Does 2298 divide 388228716?
True
Does 12 divide 147483172?
False
Is 13249086 a multiple of 3?
True
Does 58 divide 485392024?
True
Is 961 a factor of 968281832?
False
Is 245352548 a multiple of 76?
True
Does 370 divide 20872164?
False
Does 2308